 Suppose -g = -5*h - n - 36, -2 = -n. Suppose 5*b + 15 = 0, -4*m + 2*b = -0*b - h. What is the units digit of m?
3
Let l(q) = 129*q + 82. What is the hundreds digit of l(14)?
8
Suppose -37*q + 0*q = -184778. What is the hundreds digit of q?
9
Let o = 86 - 120. Let k = 21 - o. What is the tens digit of k?
5
Let b be 8/6 + (-304)/(-6). Suppose 4*c - 4*l + 16 = 0, 4 = 2*c + 4*l - 3*l. Suppose o - b = -4*h, h - 16 = -c*h - o. What is the tens digit of h?
1
Suppose 8*v = v, 2*r - 2*v = 2256. What is the units digit of r?
8
Let q(o) = 5 + 7*o + 14*o + 12*o + 27*o. What is the tens digit of q(2)?
2
What is the tens digit of (2/(-4))/(60/(-279360)) - -6?
3
What is the hundreds digit of 0 + (-6)/14 - 552807/(-1673)?
3
Let x(m) = -m**2 + 4*m - 2. Let j be x(4). Let k be (-4)/(-1)*(-1)/j. What is the tens digit of (2 + (-57)/(-6))*k?
2
Let c(v) be the second derivative of v**4/12 + 4*v**3/3 - 8*v**2 + 9*v. Let g be c(-10). Suppose 0 = g*w - 7*w + 3. What is the units digit of w?
1
Let p(w) = w**2 - 7*w + 8. Let y be p(-9). Suppose 68 = 2*n + 3*g, -g - g - y = -4*n. What is the units digit of n?
7
Let r = 5 + -2. Suppose r*g - 5 = -2*g. What is the units digit of (g/(-1))/((-3)/27)?
9
Suppose 8*b + 680 = 9*b + 4*s, -b + 678 = 2*s. What is the hundreds digit of b?
6
Let b(z) = -z - 5. Let m be b(-5). Let x(g) = -g - 90. Let d be x(m). What is the tens digit of 12/2*d/(-27)?
2
Let l(i) = 15 + 0 - i + 2 + 13*i**2 - 12*i. What is the tens digit of l(3)?
9
Suppose -5 = -v + 2*v. Let d(c) = -19*c - 7. What is the tens digit of d(v)?
8
Let r = -4 - -6. Suppose n = r*n. Let c = 5 + n. What is the units digit of c?
5
Let k(u) = u**2 + 9*u + 9. Let h(m) = 2*m**2 + 10*m + 9. Let s(x) = 6*h(x) - 7*k(x). Let j be s(-4). Suppose 6*o - 221 = -j. What is the tens digit of o?
2
Let g = -160 - -703. What is the tens digit of g?
4
Suppose 0*t + 2*t = -106. Suppose 0*i - 5*i + 525 = -4*f, -3*i + 308 = -f. Let j = t + i. What is the tens digit of j?
4
Suppose 7*u = 11*u - 96. Let t = u + 19. What is the units digit of t?
3
Let m = -97 + 97. Suppose 5*o = -m*o, 3*k - 5*o = 804. What is the units digit of k?
8
Let h = 4439 + -1355. What is the units digit of h?
4
Suppose 0 = 7*b - 762 - 4943. What is the hundreds digit of b?
8
Let x(g) = -118*g - 34. What is the units digit of x(-3)?
0
Let j be -5 - (8/3)/(-4)*3. What is the units digit of (2 + 4)/j - (-6 + -2)?
6
Let n = -417 - -866. Suppose -5*k - y - 116 + n = 0, -y = -4*k + 261. What is the tens digit of k?
6
Suppose -2*h = -7*h - 1015. Let g = -122 - h. What is the units digit of g?
1
Let l = -110 - -155. What is the tens digit of l - -4 - (0 + 1)?
4
Let j(t) be the third derivative of -t**4/12 + 5*t**3/6 + 4*t**2. Let x(k) = -k**2 - 8*k - 5. Let n be x(-8). What is the tens digit of j(n)?
1
What is the units digit of (-4044)/(-10)*(-540)/(-162)?
8
Suppose 5*v = 3*l - 25, 4*l + 2 = 4*v + 30. Suppose l*d + 163 = 6*d. What is the units digit of d?
3
Suppose 114 = 4*q + 3*g, g + 6 - 4 = 0. Let f = q + -20. What is the tens digit of f?
1
Let d = -2083 - -3436. What is the units digit of d?
3
Suppose -16*i = -13*i + 12. What is the tens digit of ((-133)/(-28))/((-1)/i)?
1
Let h(s) = -s**3 + 10*s**2 - 5*s - 11. Suppose 4*l = l + 27. What is the tens digit of h(l)?
2
Let d be 2/(-14) + (-9)/((-189)/10272). Suppose c - 5*c = -5*i + d, -5*i = -3*c - 488. What is the units digit of i?
7
Let l = 22 + -19. Suppose -1 - 5 = l*p. Let u(s) = -31*s. What is the units digit of u(p)?
2
Suppose -17*t + 29*t = 12528. What is the units digit of t?
4
Suppose -w + 5*j - 11 = 0, 37 = -3*w - 3*j - 14. Let p = 88 + w. What is the tens digit of p?
7
Let x(g) = -4*g**3 + 4*g**2 - 6*g + 7. Let h be x(3). Let v = 6 - h. What is the units digit of v?
9
Let d(m) = m**3 + 6*m**2 - 9*m - 5. Let u be d(-7). Let l = u - 5. Suppose 0 = -y + l*a + 14, -2*y + 6*y - 22 = -a. What is the units digit of y?
6
Suppose -2*q = -3*d + 1226, -5*q - 1220 = 6*d - 9*d. What is the units digit of d?
0
Suppose 0 = 2*q - 338 - 646. What is the hundreds digit of q?
4
Let y be (-4 - 8/6)*-15. Suppose 5*a = y - 25. What is the tens digit of a?
1
Suppose -2*r + 2 - 34 = 0. Let j = 18 + r. Suppose 58 = y - j. What is the tens digit of y?
6
Let o(y) = 9*y**2 - 3*y + 8. Let h = -5 + 9. Let a be o(h). Suppose 3*l = 8*l - a. What is the units digit of l?
8
Suppose 92 = 7*h - 349. Suppose -4*z + 327 = h. What is the tens digit of z?
6
Let a be (-2 + 3)/((-244)/81 - -3). Let b = -54 - a. What is the tens digit of b?
2
Let g = -1 - -5. Let z = g + 0. Suppose 0 = -h - z*h + 65. What is the tens digit of h?
1
Let p be (-4)/(-2)*(8 - 7). Suppose -4*o = -p*o - 20. What is the units digit of 3*(-1 - 0) + o?
7
Let r(g) = -g**2 - 6*g + 653. What is the units digit of r(0)?
3
Let b(a) = -4*a**2 + 228*a + 10. What is the tens digit of b(47)?
9
Suppose 0 = -3*q + 3*v + 120, 3*q - q - 56 = -4*v. Let z be (-2)/2*-4 - 5. What is the units digit of (z/(-4))/(9/q)?
1
Let t = -1851 - -5217. What is the units digit of t?
6
Suppose -7*j - q + 266 = -2*j, -4 = q. Let k = -31 + j. Suppose -3*u + 5*s + 118 = k, s = -4*u + 142. What is the tens digit of u?
3
Let m(f) = f**2 - 28*f + 18. Let q be m(11). Let r = -117 - q. What is the tens digit of r?
5
Let s(h) = -950*h + 27. What is the units digit of s(-1)?
7
Let p be 1 + -2 - 2 - (-220 - -2). Suppose 0 = -5*h - 2*y + p, h = 2*h - 3*y - 43. What is the units digit of h?
3
Let z(j) = 3*j + 40. Let w be (-186)/(-10) - (-6 + (-196)/(-35)). What is the tens digit of z(w)?
9
Suppose -49 - 217 = -5*q + u, -3*u - 96 = -2*q. Suppose -4*c + 9 = 2*m + 39, -4*m - q = 2*c. Let z = 3 - m. What is the tens digit of z?
1
Suppose -33 = -2*r - 7. Suppose r = 4*p - 19. Suppose t - 7 - p = 4*u, 4*t - 99 = 3*u. What is the tens digit of t?
2
Suppose -5*h - 3*p + 21171 - 5988 = 0, 0 = 5*h - p - 15179. What is the units digit of h?
6
Let r(l) = 17*l - 32. Let t be r(-4). Let p = 91 - t. What is the units digit of p?
1
Suppose 3*v = -10 - 5, 2*u = -v + 4587. What is the tens digit of u?
9
Let d be (2/(-8))/((-6)/120). Suppose -3 = -l - f + 27, d*l - 2*f = 129. What is the tens digit of l?
2
Let g(a) = 3*a**3 - 32*a**2 - 7*a + 16. What is the hundreds digit of g(13)?
1
Let h = 8 + 13. Let g be 132/h + 2/(-7). Suppose -g*x + 20 = -2*x. What is the units digit of x?
5
Let s = 176 - 120. Suppose 2*y = 5*t - s + 181, -2*t - 140 = -2*y. What is the units digit of y?
5
Suppose 9*g = -15 + 78. Let v(c) = -7*c**2 + c + 7. Let i(x) = 20*x**2 - 3*x - 21. Let z(d) = 6*i(d) + 17*v(d). What is the tens digit of z(g)?
3
Suppose 0 = -4*v - 198*w + 203*w + 13931, -v + 2*w + 3482 = 0. What is the hundreds digit of v?
4
What is the hundreds digit of (-16140)/105*-7*15/4?
0
Suppose -l - 1 = 4, -3*v = 4*l - 568. What is the hundreds digit of v?
1
Let j(g) = -29*g + 30. What is the hundreds digit of j(-12)?
3
Suppose 0 = -a - 9*q + 13*q + 542, 2*a - 4*q - 1096 = 0. What is the hundreds digit of a?
5
Let h = 1286 + -509. What is the tens digit of h?
7
Suppose -4*f = -3*l + 5 + 34, -l = 3*f + 39. Let s = 165 + f. What is the hundreds digit of s?
1
Let z be ((-3654)/(-35))/(2 - (-74)/(-40)). Suppose -7*y = -11*y + z. What is the units digit of y?
4
Let l(b) = b**2 - b + 107. Suppose 5*m + 2*v + 15 = 5*v, -4*m + 3*v = 15. What is the hundreds digit of l(m)?
1
Let d(h) = -h**3 - 5*h**2 - 6*h - 2. Let v = -3 + -3. Let u be ((-2)/(-4))/(v/48). What is the units digit of d(u)?
6
Let p(o) = 7*o**2 - 5*o + 23. What is the tens digit of p(22)?
0
Suppose -2*u - 4742 = -4*a, 822 + 1553 = 2*a + 3*u. What is the thousands digit of a?
1
Let q(f) = f**2 + 7*f + 10. Let x be q(-5). Suppose x = 5*o - 4*v - 260, -v - 300 = -5*o - 5*v. What is the units digit of o?
6
Let f(z) = -2*z - 29. Let o be f(-18). Suppose -171 = -o*i + 4*i. What is the tens digit of i?
5
Let f(q) = -q**3 - 2*q + 15*q**2 - 9 - 6*q + q - 4*q. Let i be f(14). Let m = 66 - i. What is the units digit of m?
3
Suppose -5*o - 5*m = -4 - 11, -12 = -4*o - 5*m. Suppose -c + 5*c + 377 = o*x, -4*c = 8. What is the units digit of x?
3
Suppose x - s = 24, -5*x + s + 75 = 5*s. Suppose 2*a = -5*y - x, -y - y + 62 = -5*a. What is the units digit of a*(3/2 - 2)?
6
Let i = 185 + -106. Let b = 214 - i. What is the hundreds digit of b?
1
Suppose 0 = 2*w - 8, 0 = -3*